{"id":347,"date":"2025-07-30T10:58:03","date_gmt":"2025-07-30T10:58:03","guid":{"rendered":"https:\/\/www.sainteagnessaintgabriel94.com\/?page_id=347"},"modified":"2025-10-06T20:30:58","modified_gmt":"2025-10-06T22:30:58","slug":"soutenir-la-paroisse","status":"publish","type":"page","link":"https:\/\/www.sainteagnessaintgabriel94.com\/index.php\/soutenir-la-paroisse\/","title":{"rendered":"Soutenir la paroisse"},"content":{"rendered":"\n<p>En attendant de mettre en place un syst\u00e8me de don par internet, vous pouvez toujours si vous le souhaiter faire parvenir un ch\u00e8que \u00e0 :<br>Paroisse Sainte-Agn\u00e8s Saint-Gabriel, 9 avenue du g\u00e9n\u00e9ral Leclerc 94700 Maisons Alfort.<\/p>\n\n\n\n<p><\/p>\n","protected":false},"excerpt":{"rendered":"<p>En attendant de mettre en place un syst\u00e8me de don par internet, vous pouvez toujours si vous le souhaiter faire parvenir un ch\u00e8que \u00e0 :Paroisse Sainte-Agn\u00e8s Saint-Gabriel, 9 avenue du g\u00e9n\u00e9ral Leclerc 94700 Maisons Alfort.<\/p>\n","protected":false},"author":1,"featured_media":0,"parent":0,"menu_order":0,"comment_status":"closed","ping_status":"closed","template":"","meta":{"ngg_post_thumbnail":0,"footnotes":""},"class_list":["post-347","page","type-page","status-publish","hentry"],"aioseo_notices":[],"_links":{"self":[{"href":"https:\/\/www.sainteagnessaintgabriel94.com\/index.php\/wp-json\/wp\/v2\/pages\/347","targetHints":{"allow":["GET"]}}],"collection":[{"href":"https:\/\/www.sainteagnessaintgabriel94.com\/index.php\/wp-json\/wp\/v2\/pages"}],"about":[{"href":"https:\/\/www.sainteagnessaintgabriel94.com\/index.php\/wp-json\/wp\/v2\/types\/page"}],"author":[{"embeddable":true,"href":"https:\/\/www.sainteagnessaintgabriel94.com\/index.php\/wp-json\/wp\/v2\/users\/1"}],"replies":[{"embeddable":true,"href":"https:\/\/www.sainteagnessaintgabriel94.com\/index.php\/wp-json\/wp\/v2\/comments?post=347"}],"version-history":[{"count":6,"href":"https:\/\/www.sainteagnessaintgabriel94.com\/index.php\/wp-json\/wp\/v2\/pages\/347\/revisions"}],"predecessor-version":[{"id":2029,"href":"https:\/\/www.sainteagnessaintgabriel94.com\/index.php\/wp-json\/wp\/v2\/pages\/347\/revisions\/2029"}],"wp:attachment":[{"href":"https:\/\/www.sainteagnessaintgabriel94.com\/index.php\/wp-json\/wp\/v2\/media?parent=347"}],"curies":[{"name":"wp","href":"https:\/\/api.w.org\/{rel}","templated":true}]}}