{"id":350,"date":"2025-07-30T10:58:19","date_gmt":"2025-07-30T10:58:19","guid":{"rendered":"https:\/\/www.sainteagnessaintgabriel94.com\/?page_id=350"},"modified":"2026-01-01T15:22:33","modified_gmt":"2026-01-01T17:22:33","slug":"autres-acteurs","status":"publish","type":"page","link":"https:\/\/www.sainteagnessaintgabriel94.com\/index.php\/autres-acteurs\/","title":{"rendered":"Autre(s) Acteur(s)"},"content":{"rendered":"\n<p><\/p>\n\n\n\n<div class=\"wp-block-media-text is-stacked-on-mobile\" style=\"grid-template-columns:19% auto\"><figure class=\"wp-block-media-text__media\"><img loading=\"lazy\" decoding=\"async\" width=\"1080\" height=\"1086\" src=\"https:\/\/www.sainteagnessaintgabriel94.com\/wp-content\/uploads\/2025\/07\/acceuil2.png\" alt=\"\" class=\"wp-image-142 size-full\" srcset=\"https:\/\/www.sainteagnessaintgabriel94.com\/wp-content\/uploads\/2025\/07\/acceuil2.png 1080w, https:\/\/www.sainteagnessaintgabriel94.com\/wp-content\/uploads\/2025\/07\/acceuil2-298x300.png 298w, https:\/\/www.sainteagnessaintgabriel94.com\/wp-content\/uploads\/2025\/07\/acceuil2-1018x1024.png 1018w, https:\/\/www.sainteagnessaintgabriel94.com\/wp-content\/uploads\/2025\/07\/acceuil2-150x150.png 150w, https:\/\/www.sainteagnessaintgabriel94.com\/wp-content\/uploads\/2025\/07\/acceuil2-768x772.png 768w, https:\/\/www.sainteagnessaintgabriel94.com\/wp-content\/uploads\/2025\/07\/acceuil2-132x132.png 132w, https:\/\/www.sainteagnessaintgabriel94.com\/wp-content\/uploads\/2025\/07\/acceuil2-74x74.png 74w\" sizes=\"auto, (max-width: 1080px) 100vw, 1080px\" \/><\/figure><div class=\"wp-block-media-text__content\">\n<p>L\u2019<strong>A<\/strong>ssociation des&nbsp;<strong>A<\/strong>mis de&nbsp;<strong>S<\/strong>ainte-<strong>A<\/strong>gn\u00e8s d\u2019<strong>A<\/strong>lfort l&rsquo;<strong>AASAA<\/strong>, a pour objet de faire conna\u00eetre, promouvoir et participer au rayonnement du patrimoine que repr\u00e9sente l\u2019Eglise Sainte-Agn\u00e8s d\u2019Alfort class\u00e9e Monument Historique en 1984, participer \u00e0 la mise en valeur de ce patrimoine et en particulier de l\u2019orgue par le soutien d\u2019activit\u00e9s culturelles (Visites, conf\u00e9rences, concerts, etc.).<\/p>\n\n\n\n<p><\/p>\n\n\n\n<div class=\"wp-block-buttons is-layout-flex wp-block-buttons-is-layout-flex\">\n<div class=\"wp-block-button is-style-outline is-style-outline--1\"><a class=\"wp-block-button__link has-small-font-size has-custom-font-size wp-element-button\" href=\"https:\/\/aasaa.fr\/\" style=\"border-radius:0px\" target=\"_blank\" rel=\"noreferrer noopener\">En savoir plus<\/a><\/div>\n<\/div>\n<\/div><\/div>\n\n\n\n<hr class=\"wp-block-separator has-alpha-channel-opacity\"\/>\n\n\n\n<div class=\"wp-block-media-text is-stacked-on-mobile\" style=\"grid-template-columns:19% auto\"><figure class=\"wp-block-media-text__media\"><a href=\"https:\/\/www.renepoujol.fr\/\" target=\"_blank\" rel=\" noreferrer noopener\"><img loading=\"lazy\" decoding=\"async\" width=\"540\" height=\"831\" src=\"https:\/\/www.sainteagnessaintgabriel94.com\/wp-content\/uploads\/2025\/08\/le-synode-c-est-maintenant.jpg\" alt=\"\" class=\"wp-image-757 size-full\" srcset=\"https:\/\/www.sainteagnessaintgabriel94.com\/wp-content\/uploads\/2025\/08\/le-synode-c-est-maintenant.jpg 540w, https:\/\/www.sainteagnessaintgabriel94.com\/wp-content\/uploads\/2025\/08\/le-synode-c-est-maintenant-195x300.jpg 195w\" sizes=\"auto, (max-width: 540px) 100vw, 540px\" \/><\/a><\/figure><div class=\"wp-block-media-text__content\">\n<h3 class=\"wp-block-heading\">Sur la Synodalit\u00e9<\/h3>\n\n\n\n<p>Ren\u00e9 Poujol, paroissien assidu de l\u2019\u00e9glise Saint-Agn\u00e8s, a \u00e9galement men\u00e9 une carri\u00e8re de journaliste au journal <em>La Croix <\/em>et publi\u00e9 de nombreux ouvrages.<br>Son dernier livre, intitul\u00e9 \u00ab Le Synode c\u2019est maintenant \u00bb, est en librairie depuis juin 2025.<br>\u00c0 la demande du P\u00e8re Edmond, M. Poujol est intervenu \u00e0 plusieurs reprises lors des messes dominicales en d\u00e9but d\u2019ann\u00e9e, pour aborder le th\u00e8me de la synodalit\u00e9.<\/p>\n\n\n\n<p><br><\/p>\n\n\n\n<div class=\"wp-block-buttons is-layout-flex wp-block-buttons-is-layout-flex\">\n<div class=\"wp-block-button is-style-outline is-style-outline--2\"><a class=\"wp-block-button__link has-small-font-size has-custom-font-size wp-element-button\" href=\"https:\/\/www.sainteagnessaintgabriel94.com\/index.php\/2025\/08\/02\/discours-sur-la-synodalite\/\" style=\"border-radius:0px\" target=\"_blank\" rel=\"noreferrer noopener\">Discours prononc\u00e9s<\/a><\/div>\n<\/div>\n<\/div><\/div>\n\n\n\n<hr class=\"wp-block-separator has-alpha-channel-opacity\"\/>\n\n\n\n<h2 class=\"wp-block-heading\">T\u00e9moignage(s):<\/h2>\n\n\n\n<h4 class=\"wp-block-heading\">P\u00e2ques 2025, St\u00e9cy pour les Paroisses Saint Gabriel et Sainte Agn\u00e8s :<\/h4>\n\n\n\n<p><br>Merci P\u00e8re Edmond pour cette invitation au partage.<br><br>Mes s\u0153urs, mes fr\u00e8res, pour moi, l\u00e0 o\u00f9 la religion nous uni par les pratiques, la Foi est<br>personnelle, une fa\u00e7on d&rsquo;\u00e9change exclusive entre Dieu et moi qui m&rsquo;a \u00e9t\u00e9 donn\u00e9 par lui \u00e0 ma<br>naissance.<br>Et de m\u00eame qu&rsquo;il y a d&rsquo;innombrables chants d&rsquo;\u00e9glise pour c\u00e9l\u00e9brer Dieu, j&rsquo;ai d\u00e9couvert de<br>multiples efforts de car\u00eame, ou devrais-je dire, b\u00e9n\u00e9dictions de car\u00eame pour cheminer vers<br>P\u00e2ques.<br>Je m&rsquo;explique en m&rsquo;appuyant sur les trois piliers de cette p\u00e9riode: le je\u00fbne, la pri\u00e8re, et le<br>partage.<\/p>\n\n\n\n<details class=\"wp-block-details is-layout-flow wp-block-details-is-layout-flow\"><summary>Lire la suite<\/summary>\n<p>D&rsquo;abord la Pri\u00e8re : b\u00e9n\u00e9diction qui se base sur ma Foi, donc sur parler avec Dieu partout, \u00e0<br>tout moment. Cela me permet de lui renouveler ma confiance pour m&rsquo;accompagner dans<br>mes projets, mon travail, m\u00eame lorsque je cuisine pour les autres, ou que je dessine.<br>Ainsi, chaque acte devient pri\u00e8re, comme un \u00e9change constant avec Dieu, simple, mais<br>tellement efficace, qui en retour me permet de voir les signes et autres actes d&rsquo;amours qu&rsquo;il<br>me donne, souvent simples eux-m\u00eames. \u00a0\u00bb Ni dans la temp\u00eate, ni dans le tremblement de<br>terre, mais dans la brise qui souffle, c&rsquo;est l\u00e0 que Dieu r\u00e9side \u00ab\u00a0.<br>Concernant le Jeune ou la P\u00e9nitence: Petit, on m&rsquo;a enseign\u00e9 que le car\u00eame, c&rsquo;est fortement<br>li\u00e9 \u00e0 je\u00fbner, comme J\u00e9sus dans le d\u00e9sert, donc manger moins de choses, de bonnes choses<br>etc\u2026<br>Un jour, \u00e9tant \u00e9tudiant et animateur d&rsquo;aum\u00f4nerie pour des lyc\u00e9ens, au moment du car\u00eame, le<br>cur\u00e9 nous a invit\u00e9s, nous jeunes, non pas \u00e0 se priver de nourriture, qui aujourd&rsquo;hui est<br>abondante et permet de trouver des substituts \u00e0 notre privation, mais de choisir la chose que<br>l&rsquo;on aime le plus, et d&rsquo;en faire le je\u00fbne, et donc l&rsquo;offrande pendant le car\u00eame. Cela m&rsquo;a<br>marqu\u00e9, et chaque ann\u00e9e, je choisis un \u00e9l\u00e9ment divertissant de ma vie, souvent chronophage,<br>pour mon je\u00fbne : par exemple, une ann\u00e9e, ce sont les jeux-vid\u00e9os, une autre ann\u00e9e l&rsquo;\u00e9coute<br>de la musique, et m\u00eame, couper compl\u00e8tement des r\u00e9seaux sociaux. Choisir la plus belle<br>offrande selon son c\u0153ur, et sa vie.<br>Autre b\u00e9n\u00e9diction, le Partage: Car j&rsquo;estime que je ne suis pas seul \u00e0 \u00eatre en marche vers<br>P\u00e2ques, sur cette Terre. Et de mani\u00e8re ambivalente, mon partage est souvent la pratique<br>sinc\u00e8re de l&rsquo;\u00e9coute de l&rsquo;autre. L&rsquo;\u00e9coute de l&rsquo;autre, ce dont de l&rsquo;Esprit-Saint, est pour moi une<br>des meilleures fa\u00e7ons de prouver qu&rsquo;on aime son prochain. Il m&rsquo;a permis de d\u00e9couvrir<br>beaucoup de personnes autour de moi, que je ne soup\u00e7onnais pas, qui cherchent Dieu, et qui<br>se demandent si, n&rsquo;\u00e9tant pas baptis\u00e9, sont l\u00e9gitimes de lui parler. Cela me permet de<br>proclamer et d&rsquo;annoncer l&rsquo;Evangile, en leur donnant l&rsquo;espace et la l\u00e9gitimit\u00e9, sans jugement<br>aucun, de s&rsquo;ouvrir, de se sentir \u00e9cout\u00e9 et respect\u00e9, et ainsi de s&rsquo;int\u00e9resser encore plus \u00e0 Dieu.<br>Voil\u00e0 comment je cherche \u00e0 cheminer chaque ann\u00e9e, en toute confiance dans le Seigneur: en<br>pri\u00e8re avec Dieu, en p\u00e9nitence avec J\u00e9sus, et dans le Partage avec l&rsquo;Esprit-Saint.<br>Merci de votre \u00e9coute, et \u00e0 toutes et \u00e0 tous, bon cheminement vers P\u00e2ques. \u00bb<\/p>\n<\/details>\n","protected":false},"excerpt":{"rendered":"<p>T\u00e9moignage(s): P\u00e2ques 2025, St\u00e9cy pour les Paroisses Saint Gabriel et Sainte Agn\u00e8s : Merci P\u00e8re Edmond pour cette invitation au partage. Mes s\u0153urs, mes fr\u00e8res, pour moi, l\u00e0 o\u00f9 la religion nous uni par les pratiques, la Foi estpersonnelle, une fa\u00e7on d&rsquo;\u00e9change exclusive entre Dieu et moi qui m&rsquo;a \u00e9t\u00e9 donn\u00e9 par lui \u00e0 manaissance.Et de m\u00eame [&hellip;]<\/p>\n","protected":false},"author":2,"featured_media":0,"parent":0,"menu_order":0,"comment_status":"closed","ping_status":"closed","template":"","meta":{"ngg_post_thumbnail":0,"footnotes":""},"class_list":["post-350","page","type-page","status-publish","hentry"],"aioseo_notices":[],"_links":{"self":[{"href":"https:\/\/www.sainteagnessaintgabriel94.com\/index.php\/wp-json\/wp\/v2\/pages\/350","targetHints":{"allow":["GET"]}}],"collection":[{"href":"https:\/\/www.sainteagnessaintgabriel94.com\/index.php\/wp-json\/wp\/v2\/pages"}],"about":[{"href":"https:\/\/www.sainteagnessaintgabriel94.com\/index.php\/wp-json\/wp\/v2\/types\/page"}],"author":[{"embeddable":true,"href":"https:\/\/www.sainteagnessaintgabriel94.com\/index.php\/wp-json\/wp\/v2\/users\/2"}],"replies":[{"embeddable":true,"href":"https:\/\/www.sainteagnessaintgabriel94.com\/index.php\/wp-json\/wp\/v2\/comments?post=350"}],"version-history":[{"count":32,"href":"https:\/\/www.sainteagnessaintgabriel94.com\/index.php\/wp-json\/wp\/v2\/pages\/350\/revisions"}],"predecessor-version":[{"id":1077,"href":"https:\/\/www.sainteagnessaintgabriel94.com\/index.php\/wp-json\/wp\/v2\/pages\/350\/revisions\/1077"}],"wp:attachment":[{"href":"https:\/\/www.sainteagnessaintgabriel94.com\/index.php\/wp-json\/wp\/v2\/media?parent=350"}],"curies":[{"name":"wp","href":"https:\/\/api.w.org\/{rel}","templated":true}]}}