{"id":68,"date":"2025-07-25T08:22:16","date_gmt":"2025-07-25T08:22:16","guid":{"rendered":"https:\/\/www.sainteagnessaintgabriel94.com\/?page_id=68"},"modified":"2025-11-02T18:18:27","modified_gmt":"2025-11-02T20:18:27","slug":"nous-rejoindre","status":"publish","type":"page","link":"https:\/\/www.sainteagnessaintgabriel94.com\/index.php\/nous-rejoindre\/","title":{"rendered":"Nous rejoindre"},"content":{"rendered":"\n<p class=\"justifier\">C\u2019est l\u2019ensemble de l\u2019activit\u00e9 paroissiale qui a besoin de vous en fonction de vos talents propres, de vos comp\u00e9tences et bien s\u00fbr de vos disponibilit\u00e9s :<\/p>\n\n\n\n<p class=\"justifier\"><em>Accueil, fleurissement de l\u2019autel, animation des chants, lectures, cat\u00e9ch\u00e8se, pr\u00e9paration au bapt\u00eame ou au mariage, accompagnement des familles en deuil, r\u00e9daction des feuilles de messe, du bulletin paroissial ou du site internet, gestion, aide \u00e0 l\u2019entretien de l\u2019\u00e9glise et des locaux paroissiaux, visite des malades\u2026<\/em><\/p>\n\n\n\n<p class=\"justifier\">A chacun de s\u2019interroger sur ce qu\u2019il pourrait faire pour que notre communaut\u00e9 soit vraiment vivante, accueillante, t\u00e9moin de la foi qui l\u2019anime.<\/p>\n\n\n\n<p class=\"justifier\">N\u2019h\u00e9sitez pas \u00e0 nous dire ce qu\u2019il vous serait possible d\u2019envisager en vous adressant \u00e0 <strong>Christophe Bazet<\/strong> : paroissesainteagnes94 @ gmail.com<\/p>\n\n\n\n<p>D\u2019avance, nous vous en remercions.<\/p>\n\n\n\n<p>P\u00e8re Edmond, cur\u00e9<\/p>\n","protected":false},"excerpt":{"rendered":"<p>C\u2019est l\u2019ensemble de l\u2019activit\u00e9 paroissiale qui a besoin de vous en fonction de vos talents propres, de vos comp\u00e9tences et bien s\u00fbr de vos disponibilit\u00e9s : Accueil, fleurissement de l\u2019autel, animation des chants, lectures, cat\u00e9ch\u00e8se, pr\u00e9paration au bapt\u00eame ou au mariage, accompagnement des familles en deuil, r\u00e9daction des feuilles de messe, du bulletin paroissial ou du site [&hellip;]<\/p>\n","protected":false},"author":1,"featured_media":0,"parent":0,"menu_order":0,"comment_status":"closed","ping_status":"closed","template":"","meta":{"ngg_post_thumbnail":0,"footnotes":""},"class_list":["post-68","page","type-page","status-publish","hentry"],"aioseo_notices":[],"_links":{"self":[{"href":"https:\/\/www.sainteagnessaintgabriel94.com\/index.php\/wp-json\/wp\/v2\/pages\/68","targetHints":{"allow":["GET"]}}],"collection":[{"href":"https:\/\/www.sainteagnessaintgabriel94.com\/index.php\/wp-json\/wp\/v2\/pages"}],"about":[{"href":"https:\/\/www.sainteagnessaintgabriel94.com\/index.php\/wp-json\/wp\/v2\/types\/page"}],"author":[{"embeddable":true,"href":"https:\/\/www.sainteagnessaintgabriel94.com\/index.php\/wp-json\/wp\/v2\/users\/1"}],"replies":[{"embeddable":true,"href":"https:\/\/www.sainteagnessaintgabriel94.com\/index.php\/wp-json\/wp\/v2\/comments?post=68"}],"version-history":[{"count":7,"href":"https:\/\/www.sainteagnessaintgabriel94.com\/index.php\/wp-json\/wp\/v2\/pages\/68\/revisions"}],"predecessor-version":[{"id":2218,"href":"https:\/\/www.sainteagnessaintgabriel94.com\/index.php\/wp-json\/wp\/v2\/pages\/68\/revisions\/2218"}],"wp:attachment":[{"href":"https:\/\/www.sainteagnessaintgabriel94.com\/index.php\/wp-json\/wp\/v2\/media?parent=68"}],"curies":[{"name":"wp","href":"https:\/\/api.w.org\/{rel}","templated":true}]}}